5*a - 5. Let q be ((-10)/25)/((-2)/20). Determine c(q).
-9
Let t(d) = -3*d - 3. Suppose 0*p - 3*p = 3. Let h = -4 - p. Give t(h).
6
Suppose 0 = -8*r + 4*r. Let i be r + 0 + 1 - 2. Let w(g) = 2 + 12 - 14 + g - 5*g**2. Calculate w(i).
-6
Let y be (-13 - -12)*1/(-3). Let p(q) be the second derivative of y*q**3 - 1/6*q**4 + 1/2*q**2 - 3*q + 0. Calculate p(2).
-3
Let p = -18 - -18. Let o(h) = -h**3 + h**2 - h + 6. Determine o(p).
6
Let o(u) be the second derivative of 0*u**2 + 0 + u + 1/2*u**3. Suppose -2*d = -6*d - 4*w + 4, 5*d + 4*w - 2 = 0. Give o(d).
-6
Let n(i) = 11*i + 21. Let z(p) = -5*p - 10. Let j(c) = 4*n(c) + 9*z(c). Suppose -30*k - 10 = -28*k. Determine j(k).
-1
Suppose -9 = -2*b - 3. Let l(t) = -t - 1. Let h(q) = 4*q + 6. Let u(r) = -h(r) - 3*l(r). Let c be u(b). Let d(f) = f + 4. Give d(c).
-2
Let s(q) = q**3 + 4*q**2 + 10*q - 2. Let u(v) = v**3 + 4*v**2 + 11*v - 3. Let c(d) = -6*s(d) + 5*u(d). Determine c(-3).
3
Let t(z) = -z + 2. Let g = 4 + -6. Let n be g/(-5) + (-54)/(-15). Let v be t(n). Let b(h) = -2*h**2 - 3*h - 2. Calculate b(v).
-4
Suppose 2*l - 16 = -5*q - 5, -3*l - 3 = q. Let c(j) = -j + 1. Calculate c(l).
3
Suppose -3*a + 2 = -5*j, -4*j = 2*a + 14 + 14. Let y(q) = q**3 + 6*q**2 - 1. What is y(a)?
-1
Let r(t) = -t**2 + 0*t + 2*t - 6 - 9*t. Let k be r(-5). Let d(l) = -l**2 + 4*l - 1. What is d(k)?
-1
Let m(p) be the third derivative of p**5/60 + p**3/6 - 3*p**2. Let t(c) = -14*c**2 - 1. Let z(r) = 2*m(r) + t(r). Determine z(-1).
-11
Let c(g) = g + 9. Let i be c(-6). Let u(s) = -2 + 2*s + 0*s + 0*s. Calculate u(i).
4
Suppose -4*w + 16 = 0, -x + 2*w + 0*w = 8. Let n(k) = k + 16. Calculate n(x).
16
Let b(o) = 5*o - 1. Let c be b(-1). Let p be ((-1)/2)/((-4)/136). Let y(q) = 26*q - 20. Let d(u) = 9*u - 7. Let x(n) = c*y(n) + p*d(n). Calculate x(-1).
4
Let p(a) be the second derivative of -7*a - 2*a**2 + 1/6*a**4 - 1/6*a**3 + 0. What is p(3)?
11
Suppose 4 + 0 = -o + 4*h, -2*h + 20 = -5*o. Let r(a) = a**2 + 3*a + 2. Calculate r(o).
6
Let r(k) = -k**2 - 4*k. Let d be r(-4). Suppose 0 = -d*c + 3*c - 3. Let b(o) = -3*o**3 + o - 1. Calculate b(c).
-3
Let o(c) = 2*c**3 - c**2 - c + 1. Let h be o(1). Suppose u + 3 = 4*u. Let q(t) = u - 1 + 26*t - 20*t. Give q(h).
6
Let f(d) = 7*d**2 + d + 8 - 3 - d**3 - 2*d**2. Let k be -15*(-2)/4*40/60. What is f(k)?
10
Let g(w) = 7*w**3 - 4*w**2 - 15*w - 2. Let m(a) = 11*a**3 - 6*a**2 - 23*a - 3. Let k(b) = -8*g(b) + 5*m(b). Calculate k(4).
-11
Let u(t) = -t**3 - t**2 + 6*t - 3. Let s be (1 - 7)*1 - (-2 + -1). Determine u(s).
-3
Let l = -29 - -27. Let n(w) = -w**2 - w. Let q(s) = 5*s**2 + 7*s. Let i = 1 + -2. Let a(y) = i*q(y) - 6*n(y). Calculate a(l).
6
Let q(p) = 5 + 3 + 2*p - 3. Let u be (-4)/(-6)*(-5 - 4). What is q(u)?
-7
Let m(g) = g - 2. Let r = 30 - 14. Let h = -13 + r. What is m(h)?
1
Let g(u) be the second derivative of u**6/720 - u**5/30 + u**4/12 + 7*u. Let w(x) be the third derivative of g(x). What is w(2)?
-2
Let b(c) = -3*c**2 - 5 - 4*c + 12 + 2*c**2. Let i be 8/(-52) - (-178)/(-26). Let g = -12 - i. Determine b(g).
2
Suppose 4*j + 5*t + 59 = 0, -4*j - 28 = 4*t + 28. Let a(f) = -f - 11. What is a(j)?
0
Let v(x) = -x + 3. Let g be (-21)/(-7) - (-1 - 1). Let o(r) = -2*r + 11. Let a(t) = -t + 6. Let y(m) = g*a(m) - 3*o(m). Let q(c) = -4*v(c) - 5*y(c). Give q(3).
0
Let q be (-1)/(1 - (-20)/(-24)). Let o be (-16)/q - (-10)/30. Let c(g) = -6*g - g**3 + 3*g + 3*g**2 + g. Determine c(o).
-6
Let o(h) = 4 + 4*h**2 + h + 0*h**2 + 3 + h**3 - 5*h. Let k be o(-5). Let b(w) = w. What is b(k)?
2
Let r(o) be the second derivative of -o**5/20 - o**4/3 - o**3/3 + 2*o**2 - 11*o. Determine r(-3).
1
Let x(w) be the second derivative of -w**3/3 - 3*w**2 + w. Let b(z) = -z**3 + 2*z**2 - z - 2. Let a = 7 - 5. Let n be b(a). Calculate x(n).
2
Let m(n) = n - 4. Let r be m(6). Let z(d) be the second derivative of 0*d**r - 2*d + 1/3*d**3 + 0. Calculate z(5).
10
Let k(p) = p**2 + p - 2. Let u be 770/(-50) - (-4)/10. Let a be (-6)/8 + u/(-20). Calculate k(a).
-2
Let t(z) be the first derivative of z**4/12 + z**3/3 + 3*z**2/2 - 3*z + 4. Let m(h) be the first derivative of t(h). Determine m(-3).
6
Let y(i) = i**2 + 8*i + 6. Let z be y(-8). Suppose z = 2*p + p. Let q(x) = -5*x**p + 6*x - 2*x - x**3 + 4 - 6*x. Determine q(-4).
-4
Suppose -2*j + 3*j + 3 = 0. Let m(h) be the third derivative of h**5/60 + h**4/8 - h**3/3 - 2*h**2. What is m(j)?
-2
Let x(z) = -7*z**2 - 5*z - 4. Let w(m) = -14*m**2 - 11*m - 9. Let j(k) = 4*w(k) - 9*x(k). Suppose y - 1 + 2 = 0. Calculate j(y).
6
Suppose 0 = 3*t + 2*t - 70. Suppose t = -h + 2*f, 0*f - 4*f + 36 = -4*h. Let n(q) = -2*q. What is n(h)?
8
Let c(a) = a**3 - a + 2. Let w = -13 - -13. Give c(w).
2
Let j(s) = 0*s + 3*s - 4 - s - s. Let l = 6 + -3. Calculate j(l).
-1
Let p(t) = -7 + 4*t - 8*t**2 + 6*t**2 + 3*t**2. Let a = 4 + -9. Give p(a).
-2
Let t = 85 + -91. Let p(j) = -j**2 - 4*j - 4. Determine p(t).
-16
Let p(m) = m + 2. Let f be p(-3). Let s(g) = -6*g. Determine s(f).
6
Let f(x) = -4*x - x + 2*x + 2. Let d be (1 - -11) + -1 - 1. Suppose -2*s - d = -4*r, -r + s = 3*s - 10. Determine f(r).
-10
Let r(s) = -14*s**3 - 13*s**2 - 7*s + 8. Let b(m) = 5*m**3 + 4*m**2 + 2*m - 3. Let w(p) = -11*b(p) - 4*r(p). Give w(-7).
8
Let r(j) = -j**3 - j**2 - 3*j - 1. Let n be (-3 + 3)/(-1) + -3. Let l(s) = s**2 + 5*s + 4. Let w be l(n). Calculate r(w).
9
Let l(i) = -2*i + 4. Let y be l(5). Let j(q) = -3*q - 7. Let c be j(y). Let r = -15 + c. Let p(w) = w**3 + 4*w**2 - 3*w - 5. Give p(r).
7
Let a(n) = n**2 - 4*n + 3. Let q(v) = v**2 + v - 2. Let z be (-5)/(-2) - 2/4. Let s be q(z). Determine a(s).
3
Suppose -c - 3*c + 16 = 0, 4*c - 1 = h. Suppose -3*i - h = -2*q, i - 9 = -q + 4*i. Let v(o) = o - 13. Calculate v(q).
-7
Suppose 3*o = -o - 4, u = 4*o - 3. Let z(b) = -b**2 - 7*b + 5. What is z(u)?
5
Let t be (0 - -2) + (2 - 4). Let d be -1 + (t + 1)/1. Let p(s) be the second derivative of s**5/20 - s**3/6 + s**2/2 + 2*s. What is p(d)?
1
Let m(u) = u**3 + 7*u**2 - 9*u + 4. Let d be m(-8). Suppose 4*t - 12 = -3*v, 5*t - 3*v - 3 - d = 0. Let c(h) = -5*h - t*h**2 + 4*h + 3*h + 1. What is c(2)?
-7
Let b(q) = -9*q**3 + q**2 - 2*q - 5. Let z(w) = -5*w**3 - w - 2. Let x(j) = 2*b(j) - 5*z(j). Let u = -1 + 1. Suppose u = r + 1. Determine x(r).
-6
Suppose 6*t - t + 5 = 0. Let j(v) = -v - 4. Let m(s) = s**3 + 1. Let o(r) = t*m(r) + j(r). Let u(d) = -d**2 + 3*d - 2. Let y be u(2). What is o(y)?
-5
Suppose -h - 5 - 9 = 0. Let o = -10 - h. Let d(m) be the first derivative of -m**2/2 - 3*m - 1. Determine d(o).
-7
Let g(d) = -4*d - 2. Let f be g(-2). Suppose -3*o + o = -f. Let p(x) = -2*x**3 - x**o - 2*x**2 + 1 + x**3 - x**3. Determine p(1).
-4
Let v(i) be the third derivative of -i**6/120 + i**5/15 + i**4/8 - 5*i**3/6 + i**2. Let l = 177 - 307. Let h be l/(-35) - (-2)/7. Determine v(h).
7
Let m(a) be the second derivative of -a**5/20 - a**4/4 - a**3/3 + a**2 + a. Let y = 15 + 15. Let r be (-24)/10 + 12/y. What is m(r)?
2
Let c(m) = m**3 - 5*m**2 - 2*m - 4. Let z(v) = 3*v**3 - 10*v**2 - 4*v - 7. Let s(w) = -5*c(w) + 2*z(w). Suppose 11 = q + 16. What is s(q)?
-4
Suppose 0 = 5*h, -15 = -5*o + h + 4*h. Let w(y) = y**2 - 5*y + 2. Give w(o).
-4
Let r(l) = l - 6. Let t be r(6). Let o be (t - 3) + 1 - 3. Let j(g) = 0*g**2 + g**2 + 2 + 0 + 6*g. Calculate j(o).
-3
Let c(a) = 6*a - 2. Let o be -3 + 3 + 7*1. Let s be (57/(-21) + 3)*o. Determine c(s).
10
Suppose 0 = 5*w, 0*r + r + w - 4 = 0. Let t(d) = 8 + 0*d**2 - 10 + 5*d - 4*d**2 + 3*d**2. Give t(r).
2
Suppose -3*c + 6*c - 6 = 0. Let f(q) = 6*q - c*q**3 + 7*q**2 - 1 + 0*q + 3*q**3. What is f(-6)?
-1
Let w(b) = -3*b - 8. Let a be w(-4). Let l(d) = 3*d**2 - 26*d - 20. Let q(h) = h**2 - 9*h - 7. Let u(k) = a*l(k) - 11*q(k). Calculate u(4).
-7
Let z(v) = -v**2 - 5*v - 6. Let x(t) = -t**2 - 6*t + 6*t + 2*t - 1. Let s be x(3). Give z(s).
-2
Suppose 4*j - 6 = 2*j. Let h(f) = -3 - f**2 + j. Suppose 19*u - 44 + 6 = 0. What is h(u)?
-4
Suppose 8*f = 3*f + 25. Let k(n) = n - 6. Give k(f).
-1
Suppose 0 = -2*h - 0*h + 8. Let d(p) be the third derivative of -p**4/8 - 26*p**2. Calculate d(h).
-12
Suppose -4*g - 8 = -2*g. Let o(y) = -2*y**2 + 21*y - 13. Let b(w) = w**2 - 10*w + 6. Let h(z) = g*o(z) - 9*b(z). Determine h(4).
6
Let j(g) = -8*g**2 + 7*g + 13. Let f(l) = 7*l**2 - 6*l - 12. Let i(h